f**2 - 51*f + 28. Let s be k(-26). What is the tens digit of (-1107)/s*14/(-63)*3?
6
Let z(q) = -q**2 - 12*q - 9. Let n be z(-11). Suppose a - n = 1, 2*a = 4*t + 14. What is the tens digit of ((-2)/(-3))/(t/(-3))*44?
4
Suppose -2*r + 6786 + 4634 = a, -3*a = 5*r - 34256. What is the tens digit of a?
1
Let g be ((-156)/(-130))/(7/(-10) - -1). Suppose -3*o - 38 = -g*o. What is the units digit of o?
8
Let c(u) = -20*u**3 + 5*u**2 + 4*u - 3. Let h be c(-4). Let b = h + -757. What is the hundreds digit of b?
5
Suppose 0 = 5*r - 10*g + 12*g + 46, -4*r - 4*g - 44 = 0. What is the units digit of (r/(-128)*228)/(2/88)?
7
Let g(f) = 11*f**2 - 455*f - 20. What is the thousands digit of g(-19)?
2
Suppose p - 5*d = 11158, -5*p + 55706 = 379*d - 376*d. What is the ten thousands digit of p?
1
Suppose -3*i = -3*c - 24, 4*i = 5*c - 10*c + 50. Let q be (-6)/(-4)*i/15. What is the units digit of -18*(q + (3 - (-46)/(-4)))?
5
Suppose 6*t = 2*t + 11244. Suppose -11*x + t + 984 = 0. Suppose x = -36*q + 39*q. What is the hundreds digit of q?
1
Suppose 3*k = -3*k + 22822 - 532. What is the thousands digit of k?
3
Let l be (-2*3/6)/((-3)/2169). Suppose 4*c - l + 151 = 0. What is the units digit of c?
3
Let f = -137 - -258. Suppose -656*g - 15 = -661*g. Suppose -g*b + f = 43. What is the tens digit of b?
2
Suppose -34*f = 2*z - 30*f - 32984, 0 = 3*z - 7*f - 49424. What is the units digit of z?
4
Suppose 4*f = 0, 3*q + 4*f + 150 = 9*f. Let j = q - -134. What is the tens digit of j?
8
Suppose 4*h - 5*p = -h + 5, h = -p - 1. Suppose 5*v - 12274 = -5*l + 1526, -2*l = h. Suppose -360 = 12*r - v. What is the units digit of r?
0
Suppose -3*x = -4*s - 42834, -3*x - 11*s + 42837 = -14*s. What is the hundreds digit of x?
2
Suppose 2*x - 42647 = -3*x + 2*h, x - 3*h = 8532. What is the thousands digit of x?
8
Let n be (-9)/12*4*(-946)/3. Suppose -4*l + 3*d + 1887 = 0, -l = -3*l + 4*d + n. What is the hundreds digit of l?
4
Suppose 47*i - 2622 = -2*o + 45*i, 4*i = 20. What is the thousands digit of o?
1
What is the thousands digit of 0/(-3) - -4041*(8 - -13)?
4
Let z(p) = 25 - 10*p**2 + 4*p**2 + 49*p + 2*p**2. What is the tens digit of z(11)?
8
Suppose -2*o - 16950 = -3*q, 2*q - o = 4415 + 6884. What is the tens digit of 4*4/(-40) + q/20?
8
Let d(n) = 24*n**2 - 47*n - 27. Let p(c) = -11*c**2 + 23*c + 14. Let a(i) = 6*d(i) + 13*p(i). What is the units digit of a(-16)?
4
Let i be 2/(5 - -1) - (-240582)/909. Suppose 2*x + 249 = -9. Let h = i + x. What is the units digit of h?
6
Suppose -9*a - 574 = -16*a. Let m(r) = 2*r**2 + 15*r - 4. Let p be m(-11). Let k = p + a. What is the tens digit of k?
5
Let v be (-56)/(-420) + (-212)/15. Let u be (-1 - -6)/(-13 - v). Suppose 0 = b + u, a - 6*b = -2*b + 68. What is the units digit of a?
8
Let a be (3/2)/(9/3402*7). Let q = a - 73. What is the units digit of q?
8
Let d(s) = 32*s**2 - 36*s - 467. What is the hundreds digit of d(-13)?
4
Let f(l) = l + 27. Let g be f(-11). Suppose 13*a - 9*a + g = 0. What is the units digit of (a/(-12))/((-2)/(-564))?
4
Suppose 2*m + r - 8 = 0, -12 = r - 4*r. Let l(p) = -4*p**m + 28*p**3 + 31*p**3 + 27 - 60*p**3 + 8*p. What is the tens digit of l(-6)?
5
Suppose -8*w + 25*w = 170. Suppose -11*t - 5*g = -w*t - 377, -4*g - 796 = -2*t. What is the hundreds digit of t?
3
Suppose 2*p - 53 + 151 = 5*f, -62 = -3*f + 2*p. Suppose -f = -4*m + 2. Suppose n = -q + 39 + 97, 0 = -m*q + 2*n + 673. What is the units digit of q?
5
Let y = -74 + 78. Suppose -6*o + y = -176. What is the units digit of o?
0
What is the hundreds digit of (56/20 + 2)/((-7)/(156065/(-26)))?
1
Let v(i) = 689*i + 3*i**2 - 7 - 2*i**2 - 696*i. Suppose -3*y - 5*k - 28 = 0, -y + 6*k = 4*k + 13. What is the tens digit of v(y)?
9
Suppose 6 = 13*a - 16*a. Let t be (a/4)/(16/(-416)). What is the units digit of (-9)/6*(-1 - t)?
1
Suppose 0 = -2*f - 721 + 2747. Let g = f - 306. What is the units digit of g?
7
Let m(g) = -g - 30. Let f(b) = -b - 20. Let j(c) = 7*f(c) - 5*m(c). Let y be j(4). What is the tens digit of (61/y)/((-2)/(-8))?
2
Let g be 2/(-4) + 9/18. Suppose y + 7 - 463 = g. What is the tens digit of y?
5
Suppose 1270 = -8*p + 4014. Suppose 0 = 24*g - p - 137. What is the tens digit of g?
2
Suppose 11*d - 4518 - 183232 = 1802. What is the thousands digit of d?
7
Let p be (24/18)/(4/15). Suppose p*q = 10792 - 2062. What is the thousands digit of q?
1
Let n = -9909 - -16252. What is the hundreds digit of n?
3
Let f(o) = o**3 + o**2 + 5*o + 3. Let x be f(0). Suppose 4*l + 5*q - 1509 = 6*q, -x*l - 3*q = -1128. What is the hundreds digit of l?
3
Suppose 46*b = 94411 + 1545. What is the hundreds digit of b?
0
Let v(p) = -9*p + 28. Suppose 24*t + 21 = 23*t - 3*g, g - 57 = 5*t. What is the hundreds digit of v(t)?
1
Suppose 3*y - z = 2*y - 57, 0 = 3*y - 2*z + 166. Let v be 1/(-4) + (-10166)/104. Let n = y - v. What is the units digit of n?
6
Suppose 25098 - 100052 = -3*n + 5*m, 0 = 4*n - m - 99899. What is the tens digit of n?
7
Let w(k) = 9*k**3 + 212*k**2 - 121*k - 46. What is the thousands digit of w(-23)?
5
Suppose -238 = 8*c + 154. Let j = c - -55. What is the units digit of j?
6
Let m = 34780 + -1543. What is the ten thousands digit of m?
3
Let b(r) = 1224*r + 123. What is the tens digit of b(4)?
1
What is the ten thousands digit of 3*(-15)/360*-250568?
3
Let t(a) = 70*a + 3 + 1 - 47 - 8. What is the hundreds digit of t(17)?
1
Suppose 954 + 159 = 3*o. Let s = -137 + o. What is the hundreds digit of s?
2
Let x(f) = 18*f**2 - 65*f - 688. What is the units digit of x(-25)?
7
Let f(v) = 20*v + 14. Let b(w) = 2*w**2 + 18*w - 15. Let y be b(-10). Suppose -y*s = -d - 22, 4*s - 6 = 3*s + d. What is the tens digit of f(s)?
9
Suppose 36982 = 2*p + 4*h, 3*p + 240*h - 241*h = 55452. What is the thousands digit of p?
8
Let q(h) = -h**2 + 5*h - 2. Let p be 58/18 + 10/(-45). Let y be q(p). What is the tens digit of (-2)/(y/(-254)) - -3?
3
Let y(c) = 2*c**2 + 15*c + 10. Let d(p) = -p**2 - 2*p - 4. Let v be d(-3). Let b be y(v). Suppose -85 = -b*o + 449. What is the hundreds digit of o?
1
Let y(g) = 3*g + 6. Let i(p) = 16*p + 29. Let q(z) = 6*i(z) - 33*y(z). Let k be q(-7). What is the units digit of k/(12/(-268)) + (5 - 1)?
1
Let h(m) = -59*m + 18. Let p(r) = -29*r + 9. Let w(q) = 6*h(q) - 13*p(q). Let t be w(3). Suppose 62*i - 74 = t*i. What is the units digit of i?
7
Suppose i + 17 = 22. Let k be (-111)/i - 4/(-20). Let g = k + 51. What is the units digit of g?
9
Let i(k) = -k**3 - 15*k**2 + 35*k + 9. Let g be i(-17). What is the units digit of (-3)/4 - 206/g?
5
Suppose -3*u - 1010 = -4*j, 5*u + 1195 = j - 460. Let a = u - -554. What is the tens digit of a?
2
Let q = 1625 + -1632. Let f(n) = -7 + 4 - 15 - 17*n. What is the hundreds digit of f(q)?
1
What is the ten thousands digit of 24049 - 7/((-98)/336)?
2
Let u = -30 - -42. Suppose -u = -4*i - 2*n + 4, -2*i = -5*n - 20. Suppose 3*d = 2*w - 5*w + 108, -4*w = -i*d - 144. What is the units digit of w?
6
What is the hundreds digit of 7617302/(-539)*(35/2)/(-5)?
4
Let x be (-150)/250*-2*1*25. Suppose -x*m = -24*m - 996. What is the hundreds digit of m?
1
Let z(v) = -v**2 - 7*v - 7. Let m be z(-4). Suppose 2*r - 2*p - 802 = p, -m*p + 802 = 2*r. What is the tens digit of r?
0
Suppose 11*h - 7*h = -6*h + 14830. What is the thousands digit of h?
1
Let p = 34452 - 17236. What is the thousands digit of p?
7
Let f = 948 - 594. Let p = f - -41. What is the units digit of p?
5
Suppose 36*b - 49184 = 28*b. What is the tens digit of b?
4
Let b = 41409 - 26939. What is the thousands digit of b?
4
Let i(b) = -75*b - 3. Let k be i(-3). Suppose -4*m = -k - 542. Suppose 2*f - 93 = m. What is the hundreds digit of f?
1
Suppose 57*o = 575452 + 421079. What is the thousands digit of o?
7
Let c(r) = -3*r**2 - 19*r + 6. Let k = 25 - 32. Let z be c(k). What is the units digit of 6/z - (-1795)/20?
9
Let y = -4605 + 13363. What is the tens digit of y?
5
Suppose 3 + 0 = -3*f. Let o = -7 - f. Let b = 41 - o. What is the tens digit of b?
4
Suppose -70*u = -69*u - 1. Let j(a) = 210*a**2 + a + 1. What is the tens digit of j(u)?
1
Suppose -u = 13*b - 10*b - 11, 4*u - 4*b + 36 = 0. Let q(j) = -28*j - 30. What is the units digit of q(u)?
2
Let a = -454 - 361. Let v = a - -1211. What is the units digit of v?
6
Let u(d) = 341*d**3 - 17*d**2 + d - 3. Wh